the value of (-1 - -3) + (3 - 10)?
-5
What is 5 + 2 + (-1 - 3)?
3
(3 - ((0 - -6) + -1)) + 3
1
What is 7 - (-10 + 7 - -5)?
5
Evaluate (0 - -1) + (17 - 18).
0
0 - (1 - 1) - -3
3
What is 6 + (5 - 11) - (1 + -1)?
0
What is -2 - ((10 - 5) + -10)?
3
Evaluate 4 - (-2 - -7 - (0 + 2)).
1
What is (-3 - -4) + (1 - 2)?
0
What is 6 + 2 + (10 - 13)?
5
Calculate -6 + -9 + -10 + 21.
-4
What is (2 - (3 + 2 + -8)) + -2?
3
Evaluate -6 - (-4 - (0 + -1)).
-3
3 + -3 - -2 - 1 - 6
-5
(-4 - 7) + 0 + 6
-5
(5 - 2) + 0 - (0 + 5)
-2
Evaluate 8 + (1 - 7 - (-5 + 2)).
5
Calculate -9 - ((-3 - (-6 + 2)) + -2).
-8
-13 + 0 + -12 + 34
9
-2 + (0 - 0) + 437 + -430
5
Evaluate (6 - 2) + 4 + -10 + 4.
2
Evaluate -1 - -5 - 1 - 1.
2
Evaluate 2 - (3 - (-8 - -15)).
6
(-2 - 2) + (3 - (-2 - -3))
-2
Calculate (11 - (0 - -1)) + -4.
6
What is -8 + (3 - -11) + 0?
6
What is -3 + 3 - (-4 - -5)?
-1
What is the value of -3 - (3 - 5 - 1)?
0
(10 - 4 - 2) + -5
-1
What is -5 + (2 - (1 - 10) - 4)?
2
Calculate 66 + -67 - (-3 + -2 - 1).
5
Evaluate -11 + (1 - -18) - (2 - -1).
5
Evaluate 5 - (-3 + (2 - -3) + 1).
2
Calculate 7 - -1 - (-2 + 6).
4
Evaluate (79 - 86) + (3 - 2 - -3).
-3
-6 + -1 - (-14 - -7)
0
-8 + (-1 - -5) + 2 - -2
0
Calculate 1 + (1 - -4 - 8) + 5.
3
What is 25 + -13 - (-10 + 12)?
10
Calculate 0 + 4 + -12 + 10.
2
Calculate (1 - -1) + 0 + -5 + -1.
-4
What is -4 - ((-5 - -6) + -1)?
-4
Calculate 0 - (-4 - (0 - 7)).
-3
-3 - -3 - (-5 - (-3 - 0))
2
16 + -17 + 5 + 0
4
What is -8 + 1 + (-38 - -19) + 20?
-6
What is 1 - -1 - (10 - 2) - -3?
-3
1 + -3 + (-24 - -27)
1
Evaluate -5 + 8 + 6 + -4.
5
Evaluate (2 - -1) + 0 + -7 + 4.
0
Calculate -11 - ((-6 - 0) + -1).
-4
(-55 - -60) + (-1 - -1)
5
Evaluate -1 - ((4 - 4) + 1).
-2
-1 - (2 - (0 + 4))
1
What is the value of -11 - 13 - -10 - -17?
3
What is the value of (-1 - 3) + -2 + 2?
-4
-2 - (-1 + -7 + 2 + -1)
5
-2 - -5 - (-2 - -10)
-5
Calculate -1 + (9 - 0) - 2.
6
What is 0 + 2 + (-9 - -3)?
-4
Calculate 0 + (-11 - -7) + 9.
5
(-3 + 8 - 8) + -1 - 1
-5
Calculate -2 - (4 + (-2 - (6 - 3))).
-1
Evaluate (6 - 1 - -1) + (30 - 30).
6
What is the value of (0 + (6 - 10) - 0) + 13?
9
What is (-1 - -3) + (-22 - -22) - -3?
5
What is the value of (13 - 11) + (-9 - -1 - -2)?
-4
Calculate 3 - 1 - (1 + 1 + -4).
4
What is the value of 4 - (-4 + 11 + 1)?
-4
Evaluate -1 - (-9 - -21) - -12.
-1
What is 2 - (5 + (1 - (3 + -3)))?
-4
Calculate 1 + 8 + -24 + 8.
-7
What is (-18 - -13) + 2 + -2 + 2?
-3
What is the value of 11 + -4 + 11 + -14?
4
Calculate -4 + 4 + 2 - (1 - 0).
1
Calculate -1 - (-1 + 2) - 2.
-4
What is -3 + -1 + 1 + (0 - -5)?
2
What is the value of 16 + -9 + -12 + -1?
-6
What is the value of (-7 - (-8 - -5)) + 5?
1
(2 - -6) + -13 - -5
0
Evaluate (-5 - -5 - 5) + 8.
3
Evaluate 0 - 2 - (-23 - -16).
5
-4 + 1 - (-2 - (-1 + 4))
2
-6 + -7 - -5 - -11
3
-4 + -3 + (-2 - (-1 + -4))
-4
What is the value of 11 + -2 - (-13 - (-6 + -9))?
7
-3 + (-4 - -4 - -2)
-1
What is the value of -1 - 4 - (-9 - (-3 + 6))?
7
-3 + (1 - (3 - 7)) - -3
5
Calculate 6 + (-31 - -33) + -1 + -12.
-5
What is the value of 21 + -6 + -2 + -4?
9
What is the value of -3 + -5 + 1 - -6 - 1?
-2
Calculate 4 + -11 + 17 + 10 + -15.
5
Calculate 3 + -2 + (-1 - 1).
-1
(-2 - -4) + -7 - (62 + -63)
-4
What is 7 + -4 + (-6 - 0)?
-3
Evaluate -6 + -2 + 0 - (1 - 4).
-5
What is 0 - (-5 + (-2 + -3 - -3))?
7
What is the value of 7 - (-1 - 4 - -8)?
4
(13 - 0) + (-4 - 3)
6
What is the value of 0 - 1 - 0 - 0 - -4?
3
What is -6 - -5 - (-5 + 2 + -2)?
4
Calculate -3 - (3 - 1) - -10.
5
-20 - -20 - ((-1 - 0) + -1)
2
Evaluate 1 + -8 + 3 + 3.
-1
Calculate 1 + (3 - (4 - (4 - 3))).
1
(-2 - -3) + 4 - (6 + -2)
1
Calculate -5 - (6 - 15) - (5 - -1).
-2
What is the value of 3 + ((7 - 6) + 0 - 6)?
-2
What is the value of -13 + 10 + (-1 - -5) + 1?
2
What is the value of 6 + -5 + 1 + 1?
3
Evaluate -5 + 1 - (0 - -4 - 9).
1
12 - (20 - (10 + -1))
1
Evaluate (2 - (1 - -3)) + 1.
-1
What is the value of -1 - (2 + (0 - 5) + 5)?
-3
Evaluate 1 - ((3 - -5) + -6).
-1
What is (4 - -5) + -3 + (5 - 6)?
5
Evaluate -4 + 15 + -4 + -1 + -2.
4
What is the value of 5 + (3 - 5) - 6?
-3
What is the value of -3 + (-10 - -15) + -2 + -2?
-2
What is (3 - (4 - 2)) + (0 - 4)?
-3
Evaluate -6 + 0 + (0 - -13) + -10.
-3
What is the value of -9 - (-7 + -9 - -8)?
-1
Evaluate 2 + (-2 - -6) + -2.
4
Calculate -4 - (2 - (6 - 2)).
-2
Calculate 18 + -15 - (3 + 0).
0
What is the value of -6 + -5 - -9 - (1 + -14)?
11
Calculate 71 - 76 - (-12 + (-2 - 1)).
10
Calculate -2 + 2 + -2 - (-11 + 17).
-8
What is -142 + 138 + (-1 + 13 - 0)?
8
Calculate -2 + 8 + -2 + 1 + -6.
-1
Evaluate 1 - 2 - (-8 + 12).
-5
8 + (-10 - (7 - 10))
1
Evaluate 1 - 6 - (-3 - (-4 + 5)).
-1
Calculate -3 + -4 - -8 - -6.
7
What is the value of 6 + -3 + (1 - 1)?
3
-1 - (-2 + 0 - -2)
-1
-1 + -9 + 2 + 5
-3
What is the value of -27 + 27 + -1 + -1 + 1?
-1
-10 + 2 - (4 - -1 - 5)
-8
4 + -4 - (-2 + 1) - -6
7
What is the value of (2 - (-4 - 0)) + 3 + 1?
10
Calculate -6 + (-4 - (8 - 15)).
-3
Evaluate 4 - (17 - (11 - -1)).
-1
-13 + 16 + (-3 - 2) + -1
-3
What is (15 - 15) + -2 + 1 + -2?
-3
Evaluate 11 + (-29 - -8) + 2.
-8
Evaluate 7 - (5 + 6 + -6).
2
Evaluate -2 + -1 + (4 - 2 - 2).
-3
-3 - (-3 + 3 + 2)
-5
Calculate 4 + 2 - ((1 - 2) + 2).
5
Evaluate 0 - (13 + (-8 - (5 + -7))).
-7
Evaluate -1 - (-5 + 6) - -10.
8
Evaluate (-7 - -4) + 7 + -8.
-4
What is the value of -4 + 0 + -6 + 12?
2
Calculate 2 + 3 + 11 + (-12 - -2).
6
What is the value of (-12 - -21) + (-1 - 2)?
6
Calculate -4 + 3 - (-21 - -22).
-2
What is the value of 5 - ((-4 - -7) + -1)?
3
Calculate (4 - (14 + -2)) + (7 - 4).
-5
3 + 3 + 1 + (29 - 31)
5
(5 - -4) + -10 - 0
-1
Calculate (14 - 16) + (-3 - -1).
-4
-1 + 1 + 0 + (70 - 76)
-6
1 + 0 - (2 - (7 + -2))
4
Calculate (4 - 0) + -8 + 2 + 2.
0
(0 - 2) + (-5 + 4 - -4)
1
What is 6 + (-4 - -1 - 0)?
3
-16 - -15 - (1 - -1)
-3
Calculate -2 + 5 - (0 - 1).
4
What is -1 - -5 - ((-3 - -2) + 7)?
-2
1 - (2 - 1) - (0 - 0)
0
-3 - 2 - -3 - -2
0
What is (-1 - -2) + (4 - (5 + -1))?
1
Calculate 5 - (6 + (8 - 6)).
-3
Calculate 15 - (7 + 1) - 1.
6
Calculate -25 + 21 - (-1 - (-2 + 1)).
-4
Calculate (-5 - 1) + 4 - (0 - -1).
-3
Calculate 6 + (1 - (4 - (4 + -4))).
3
What is the value of -9 + 12 - (3 + 4)?
-4
Evaluate (0 - -2) + 3 + -2 + 1.
4
What is -1 - (9 + -18) - 13?
-5
Evaluate 6 - (8 + -5 - -1).
2
What is (-2 - -2) + -5 + 1?
-4
-2 + (15 - 1) - (1 + 3)
8
What is -6 + 26 - 15 - (0 - -1)?
4
Evaluate -3 + -3 + 8 - 7.
-5
-2 - ((-2 - -2) + -2 - 0)
0
What is the value of -4 + (-3 - (-5 - 0))?
-2
Evaluate -5 - -14 - (2 + 6).
1
-3 - (-1 + 0) - (-33 - -33)
-2
What is the value of -1 - ((0 - 6) + 6)?
-1
What is -3 - -5 - (1 - 6)?
7
Calculate -3 - (-6 - -6 - 5).
2
What is -5 - (-5 - 1 - -10)?
-9
What is -3 + (-4 - 4) + 3 - -3?
-5
What is the value of (-2 - 1) + (-10 - -16) + -8?
-5
Calculate -14 - -4 - (16 - 19).
-7
Calculate 3 - (-3 + 11 + -4).
-1
Calculate (0 - -7) + 5 + -7.
5
What is -11 + (1 - -4) + 6?
0
What is the value of 2 + (-5 - (1 - 3)) - -1?
0
What is the value of -6 + -1 + 3 - -2?
-2
Calculate 1 + -7 - (-12 - (0 + -7)).
-1
What is the value of 3 + -8 - -2 - (0 - 8)?
5
Calculate 4 + -3 + 1 + -6.
-4
Calculate (6 - -1 - 1) + -2.
4
What is the value of (-4 + 15 - 10) + 2?
3
Calculate (-9 - -2 - -2) + 8.
3
Evaluate -32 + 29 - (-1 + -9) - 13.
-6
Evaluate -5 + -3 + (12 - 1).
3
Calculate 5 + (5 - (0 + -1)) + -15.
-4
What is the value of -3 - -10 - 10 - -9?
6
Evaluate (-11 - -12) + (0 - (-4 + 2)).
3
Calculate 3 + (-3 - (-2 + 3)).
-1
Calculate -3 + 6 + -2 - 0.
1
What is -3 - ((-2 + 1 - -1) + -3)?
0
What is (3 - (3 + 6)) + 5?
-1
-5 + (-5 + (16 - 5) - 6)
-5
3 + -1 - (-7 + 3 + 1)
5
Evaluate 7 + 0 + (2 - 4 - 1).
4
What is -10 - (21 - 34) - (1 + 1)?
1
What is 29 + -25 - (0 + (-2 - -2))?
4
What is the value of 6 + (-2 + 5 - 5)?
4
Evaluate -2 + 2 + (7 - (7 - 2)).
2
What is the value of 1 - (-1 + -5 - -5)?
2
Evaluate (-1 - 3) + 6 - -2 - 0.
4
Calculate 30 + -25 + (1 - 4).
2
What is -2 + -2 - (-10 + -3) - 4?
5
Calculate (2 - 10) + 7 + 0.
-1
What is the value of -41 + 49 + (1 - 2 - 15)?
-8
Evaluate -1 + -2 - (-75 + 78).
-6
What is the value of -2 + 3 + 2 + 2 + -9?
-4
What is -4 - (4 + (-5 - (-2 + 4)))?
-1
Evaluate 4 - -3 - 8 - (1 + 1).
-3
Calculate -2 - -3 - (90 + -90).
1
(-7 - 0) + 11 + 0
4
2 + -1 - ((2 - 3) + -3)
5
Evaluate -7 + 11 - -4 - 7.
1
What is -13 - 4 - (-15 - -3)?
-5
Eval